{"id":8,"date":"2025-04-01T10:50:28","date_gmt":"2025-04-01T08:50:28","guid":{"rendered":"https:\/\/alojanatur.com\/?page_id=8"},"modified":"2025-04-06T18:21:21","modified_gmt":"2025-04-06T16:21:21","slug":"inicio","status":"publish","type":"page","link":"https:\/\/alojanatur.com\/","title":{"rendered":"AlojaNatur"},"content":{"rendered":"\n<div class=\"wp-block-cover alignfull is-light\" style=\"min-height:720px;aspect-ratio:unset;\"><span aria-hidden=\"true\" class=\"wp-block-cover__background has-background-dim-100 has-background-dim has-background-gradient\" style=\"background:linear-gradient(35deg,rgb(6,0,151) 0%,rgb(130,4,255) 73%,rgb(193,15,255) 100%)\"><\/span><div class=\"wp-block-cover__inner-container is-layout-flow wp-block-cover-is-layout-flow\">\n<div class=\"inherit-container-width wp-block-group alignwide is-layout-constrained wp-block-group-is-layout-constrained\">\n<div class=\"wp-block-media-text alignwide has-media-on-the-right is-stacked-on-mobile is-vertically-aligned-center\" style=\"grid-template-columns:auto 49%\"><div class=\"wp-block-media-text__content\">\n<h2 class=\"wp-block-heading has-text-align-left has-white-color has-text-color\">Tu alojamiento ideal&#8230;<\/h2>\n\n\n\n<p class=\"has-white-color has-text-color\">Para unas vacaciones de ensue\u00f1o.<\/p>\n\n\n\n<div class=\"wp-block-buttons is-layout-flex wp-block-buttons-is-layout-flex\">\n<div class=\"wp-block-button\"><a class=\"wp-block-button__link wp-element-button\" href=\"https:\/\/alojanatur.com\/index.php\/alojamientos\/\">Pasa y mira<\/a><\/div>\n<\/div>\n<\/div><figure class=\"wp-block-media-text__media\"><img loading=\"lazy\" decoding=\"async\" width=\"1024\" height=\"485\" src=\"https:\/\/alojanatur.com\/wp-content\/uploads\/2025\/04\/20191206_163903-1024x485.jpg\" alt=\"\" class=\"wp-image-283 size-full\" srcset=\"https:\/\/alojanatur.com\/wp-content\/uploads\/2025\/04\/20191206_163903-1024x485.jpg 1024w, https:\/\/alojanatur.com\/wp-content\/uploads\/2025\/04\/20191206_163903-300x142.jpg 300w, https:\/\/alojanatur.com\/wp-content\/uploads\/2025\/04\/20191206_163903-768x363.jpg 768w, https:\/\/alojanatur.com\/wp-content\/uploads\/2025\/04\/20191206_163903-1536x727.jpg 1536w, https:\/\/alojanatur.com\/wp-content\/uploads\/2025\/04\/20191206_163903-2048x969.jpg 2048w\" sizes=\"auto, (max-width: 1024px) 100vw, 1024px\" \/><\/figure><\/div>\n<\/div>\n<\/div><\/div>\n","protected":false},"excerpt":{"rendered":"","protected":false},"author":1,"featured_media":36,"parent":0,"menu_order":0,"comment_status":"closed","ping_status":"closed","template":"","meta":{"site-sidebar-layout":"no-sidebar","site-content-layout":"plain-container","ast-site-content-layout":"","site-content-style":"default","site-sidebar-style":"default","ast-global-header-display":"","ast-banner-title-visibility":"","ast-main-header-display":"","ast-hfb-above-header-display":"","ast-hfb-below-header-display":"","ast-hfb-mobile-header-display":"","site-post-title":"disabled","ast-breadcrumbs-content":"","ast-featured-img":"","footer-sml-layout":"","theme-transparent-header-meta":"enabled","adv-header-id-meta":"","stick-header-meta":"","header-above-stick-meta":"","header-main-stick-meta":"","header-below-stick-meta":"","astra-migrate-meta-layouts":"default","ast-page-background-enabled":"default","ast-page-background-meta":{"desktop":{"background-color":"var(--ast-global-color-5)","background-image":"","background-repeat":"repeat","background-position":"center center","background-size":"auto","background-attachment":"scroll","background-type":"","background-media":"","overlay-type":"","overlay-color":"","overlay-opacity":"","overlay-gradient":""},"tablet":{"background-color":"","background-image":"","background-repeat":"repeat","background-position":"center center","background-size":"auto","background-attachment":"scroll","background-type":"","background-media":"","overlay-type":"","overlay-color":"","overlay-opacity":"","overlay-gradient":""},"mobile":{"background-color":"","background-image":"","background-repeat":"repeat","background-position":"center center","background-size":"auto","background-attachment":"scroll","background-type":"","background-media":"","overlay-type":"","overlay-color":"","overlay-opacity":"","overlay-gradient":""}},"ast-content-background-meta":{"desktop":{"background-color":"var(--ast-global-color-4)","background-image":"","background-repeat":"repeat","background-position":"center center","background-size":"auto","background-attachment":"scroll","background-type":"","background-media":"","overlay-type":"","overlay-color":"","overlay-opacity":"","overlay-gradient":""},"tablet":{"background-color":"var(--ast-global-color-4)","background-image":"","background-repeat":"repeat","background-position":"center center","background-size":"auto","background-attachment":"scroll","background-type":"","background-media":"","overlay-type":"","overlay-color":"","overlay-opacity":"","overlay-gradient":""},"mobile":{"background-color":"var(--ast-global-color-4)","background-image":"","background-repeat":"repeat","background-position":"center center","background-size":"auto","background-attachment":"scroll","background-type":"","background-media":"","overlay-type":"","overlay-color":"","overlay-opacity":"","overlay-gradient":""}},"footnotes":""},"class_list":["post-8","page","type-page","status-publish","has-post-thumbnail","hentry"],"yoast_head":"<!-- This site is optimized with the Yoast SEO plugin v27.4 - https:\/\/yoast.com\/product\/yoast-seo-wordpress\/ -->\n<title>AlojaNatur - alojanatur<\/title>\n<meta name=\"description\" content=\"Alojamiento para disfrutar en el para\u00edso de Picos de Europa o en las c\u00e1lidas playas mediterr\u00e1neas en entornos tranquilos y con bellos paisajes\" \/>\n<meta name=\"robots\" content=\"index, follow, max-snippet:-1, max-image-preview:large, max-video-preview:-1\" \/>\n<link rel=\"canonical\" href=\"https:\/\/alojanatur.com\/\" \/>\n<meta property=\"og:locale\" content=\"es_ES\" \/>\n<meta property=\"og:type\" content=\"article\" \/>\n<meta property=\"og:title\" content=\"AlojaNatur - alojanatur\" \/>\n<meta property=\"og:description\" content=\"Alojamiento para disfrutar en el para\u00edso de Picos de Europa o en las c\u00e1lidas playas mediterr\u00e1neas en entornos tranquilos y con bellos paisajes\" \/>\n<meta property=\"og:url\" content=\"https:\/\/alojanatur.com\/\" \/>\n<meta property=\"og:site_name\" content=\"alojanatur\" \/>\n<meta property=\"article:modified_time\" content=\"2025-04-06T16:21:21+00:00\" \/>\n<meta property=\"og:image\" content=\"https:\/\/alojanatur.com\/wp-content\/uploads\/2025\/04\/20180616_200959-scaled.jpg\" \/>\n\t<meta property=\"og:image:width\" content=\"2560\" \/>\n\t<meta property=\"og:image:height\" content=\"1440\" \/>\n\t<meta property=\"og:image:type\" content=\"image\/jpeg\" \/>\n<meta name=\"twitter:card\" content=\"summary_large_image\" \/>\n<meta name=\"twitter:label1\" content=\"Tiempo de lectura\" \/>\n\t<meta name=\"twitter:data1\" content=\"1 minuto\" \/>\n<script type=\"application\/ld+json\" class=\"yoast-schema-graph\">{\"@context\":\"https:\\\/\\\/schema.org\",\"@graph\":[{\"@type\":\"WebPage\",\"@id\":\"https:\\\/\\\/alojanatur.com\\\/\",\"url\":\"https:\\\/\\\/alojanatur.com\\\/\",\"name\":\"AlojaNatur - alojanatur\",\"isPartOf\":{\"@id\":\"https:\\\/\\\/alojanatur.com\\\/#website\"},\"primaryImageOfPage\":{\"@id\":\"https:\\\/\\\/alojanatur.com\\\/#primaryimage\"},\"image\":{\"@id\":\"https:\\\/\\\/alojanatur.com\\\/#primaryimage\"},\"thumbnailUrl\":\"https:\\\/\\\/alojanatur.com\\\/wp-content\\\/uploads\\\/2025\\\/04\\\/20180616_200959-scaled.jpg\",\"datePublished\":\"2025-04-01T08:50:28+00:00\",\"dateModified\":\"2025-04-06T16:21:21+00:00\",\"description\":\"Alojamiento para disfrutar en el para\u00edso de Picos de Europa o en las c\u00e1lidas playas mediterr\u00e1neas en entornos tranquilos y con bellos paisajes\",\"breadcrumb\":{\"@id\":\"https:\\\/\\\/alojanatur.com\\\/#breadcrumb\"},\"inLanguage\":\"es\",\"potentialAction\":[{\"@type\":\"ReadAction\",\"target\":[\"https:\\\/\\\/alojanatur.com\\\/\"]}]},{\"@type\":\"ImageObject\",\"inLanguage\":\"es\",\"@id\":\"https:\\\/\\\/alojanatur.com\\\/#primaryimage\",\"url\":\"https:\\\/\\\/alojanatur.com\\\/wp-content\\\/uploads\\\/2025\\\/04\\\/20180616_200959-scaled.jpg\",\"contentUrl\":\"https:\\\/\\\/alojanatur.com\\\/wp-content\\\/uploads\\\/2025\\\/04\\\/20180616_200959-scaled.jpg\",\"width\":2560,\"height\":1440,\"caption\":\"Playa de El Moncayo, Guardamar del Segura\"},{\"@type\":\"BreadcrumbList\",\"@id\":\"https:\\\/\\\/alojanatur.com\\\/#breadcrumb\",\"itemListElement\":[{\"@type\":\"ListItem\",\"position\":1,\"name\":\"Portada\",\"item\":\"https:\\\/\\\/alojanatur.com\\\/\"},{\"@type\":\"ListItem\",\"position\":2,\"name\":\"AlojaNatur\"}]},{\"@type\":\"WebSite\",\"@id\":\"https:\\\/\\\/alojanatur.com\\\/#website\",\"url\":\"https:\\\/\\\/alojanatur.com\\\/\",\"name\":\"alojanatur\",\"description\":\"Alojamientos Tur\u00edsticos\",\"publisher\":{\"@id\":\"https:\\\/\\\/alojanatur.com\\\/#organization\"},\"potentialAction\":[{\"@type\":\"SearchAction\",\"target\":{\"@type\":\"EntryPoint\",\"urlTemplate\":\"https:\\\/\\\/alojanatur.com\\\/?s={search_term_string}\"},\"query-input\":{\"@type\":\"PropertyValueSpecification\",\"valueRequired\":true,\"valueName\":\"search_term_string\"}}],\"inLanguage\":\"es\"},{\"@type\":\"Organization\",\"@id\":\"https:\\\/\\\/alojanatur.com\\\/#organization\",\"name\":\"alojanatur\",\"url\":\"https:\\\/\\\/alojanatur.com\\\/\",\"logo\":{\"@type\":\"ImageObject\",\"inLanguage\":\"es\",\"@id\":\"https:\\\/\\\/alojanatur.com\\\/#\\\/schema\\\/logo\\\/image\\\/\",\"url\":\"https:\\\/\\\/alojanatur.com\\\/wp-content\\\/uploads\\\/2025\\\/04\\\/cropped-Logotipo_4-removebg-preview.png\",\"contentUrl\":\"https:\\\/\\\/alojanatur.com\\\/wp-content\\\/uploads\\\/2025\\\/04\\\/cropped-Logotipo_4-removebg-preview.png\",\"width\":178,\"height\":71,\"caption\":\"alojanatur\"},\"image\":{\"@id\":\"https:\\\/\\\/alojanatur.com\\\/#\\\/schema\\\/logo\\\/image\\\/\"}}]}<\/script>\n<!-- \/ Yoast SEO plugin. -->","yoast_head_json":{"title":"AlojaNatur - alojanatur","description":"Alojamiento para disfrutar en el para\u00edso de Picos de Europa o en las c\u00e1lidas playas mediterr\u00e1neas en entornos tranquilos y con bellos paisajes","robots":{"index":"index","follow":"follow","max-snippet":"max-snippet:-1","max-image-preview":"max-image-preview:large","max-video-preview":"max-video-preview:-1"},"canonical":"https:\/\/alojanatur.com\/","og_locale":"es_ES","og_type":"article","og_title":"AlojaNatur - alojanatur","og_description":"Alojamiento para disfrutar en el para\u00edso de Picos de Europa o en las c\u00e1lidas playas mediterr\u00e1neas en entornos tranquilos y con bellos paisajes","og_url":"https:\/\/alojanatur.com\/","og_site_name":"alojanatur","article_modified_time":"2025-04-06T16:21:21+00:00","og_image":[{"width":2560,"height":1440,"url":"https:\/\/alojanatur.com\/wp-content\/uploads\/2025\/04\/20180616_200959-scaled.jpg","type":"image\/jpeg"}],"twitter_card":"summary_large_image","twitter_misc":{"Tiempo de lectura":"1 minuto"},"schema":{"@context":"https:\/\/schema.org","@graph":[{"@type":"WebPage","@id":"https:\/\/alojanatur.com\/","url":"https:\/\/alojanatur.com\/","name":"AlojaNatur - alojanatur","isPartOf":{"@id":"https:\/\/alojanatur.com\/#website"},"primaryImageOfPage":{"@id":"https:\/\/alojanatur.com\/#primaryimage"},"image":{"@id":"https:\/\/alojanatur.com\/#primaryimage"},"thumbnailUrl":"https:\/\/alojanatur.com\/wp-content\/uploads\/2025\/04\/20180616_200959-scaled.jpg","datePublished":"2025-04-01T08:50:28+00:00","dateModified":"2025-04-06T16:21:21+00:00","description":"Alojamiento para disfrutar en el para\u00edso de Picos de Europa o en las c\u00e1lidas playas mediterr\u00e1neas en entornos tranquilos y con bellos paisajes","breadcrumb":{"@id":"https:\/\/alojanatur.com\/#breadcrumb"},"inLanguage":"es","potentialAction":[{"@type":"ReadAction","target":["https:\/\/alojanatur.com\/"]}]},{"@type":"ImageObject","inLanguage":"es","@id":"https:\/\/alojanatur.com\/#primaryimage","url":"https:\/\/alojanatur.com\/wp-content\/uploads\/2025\/04\/20180616_200959-scaled.jpg","contentUrl":"https:\/\/alojanatur.com\/wp-content\/uploads\/2025\/04\/20180616_200959-scaled.jpg","width":2560,"height":1440,"caption":"Playa de El Moncayo, Guardamar del Segura"},{"@type":"BreadcrumbList","@id":"https:\/\/alojanatur.com\/#breadcrumb","itemListElement":[{"@type":"ListItem","position":1,"name":"Portada","item":"https:\/\/alojanatur.com\/"},{"@type":"ListItem","position":2,"name":"AlojaNatur"}]},{"@type":"WebSite","@id":"https:\/\/alojanatur.com\/#website","url":"https:\/\/alojanatur.com\/","name":"alojanatur","description":"Alojamientos Tur\u00edsticos","publisher":{"@id":"https:\/\/alojanatur.com\/#organization"},"potentialAction":[{"@type":"SearchAction","target":{"@type":"EntryPoint","urlTemplate":"https:\/\/alojanatur.com\/?s={search_term_string}"},"query-input":{"@type":"PropertyValueSpecification","valueRequired":true,"valueName":"search_term_string"}}],"inLanguage":"es"},{"@type":"Organization","@id":"https:\/\/alojanatur.com\/#organization","name":"alojanatur","url":"https:\/\/alojanatur.com\/","logo":{"@type":"ImageObject","inLanguage":"es","@id":"https:\/\/alojanatur.com\/#\/schema\/logo\/image\/","url":"https:\/\/alojanatur.com\/wp-content\/uploads\/2025\/04\/cropped-Logotipo_4-removebg-preview.png","contentUrl":"https:\/\/alojanatur.com\/wp-content\/uploads\/2025\/04\/cropped-Logotipo_4-removebg-preview.png","width":178,"height":71,"caption":"alojanatur"},"image":{"@id":"https:\/\/alojanatur.com\/#\/schema\/logo\/image\/"}}]}},"_links":{"self":[{"href":"https:\/\/alojanatur.com\/index.php\/wp-json\/wp\/v2\/pages\/8","targetHints":{"allow":["GET"]}}],"collection":[{"href":"https:\/\/alojanatur.com\/index.php\/wp-json\/wp\/v2\/pages"}],"about":[{"href":"https:\/\/alojanatur.com\/index.php\/wp-json\/wp\/v2\/types\/page"}],"author":[{"embeddable":true,"href":"https:\/\/alojanatur.com\/index.php\/wp-json\/wp\/v2\/users\/1"}],"replies":[{"embeddable":true,"href":"https:\/\/alojanatur.com\/index.php\/wp-json\/wp\/v2\/comments?post=8"}],"version-history":[{"count":11,"href":"https:\/\/alojanatur.com\/index.php\/wp-json\/wp\/v2\/pages\/8\/revisions"}],"predecessor-version":[{"id":284,"href":"https:\/\/alojanatur.com\/index.php\/wp-json\/wp\/v2\/pages\/8\/revisions\/284"}],"wp:featuredmedia":[{"embeddable":true,"href":"https:\/\/alojanatur.com\/index.php\/wp-json\/wp\/v2\/media\/36"}],"wp:attachment":[{"href":"https:\/\/alojanatur.com\/index.php\/wp-json\/wp\/v2\/media?parent=8"}],"curies":[{"name":"wp","href":"https:\/\/api.w.org\/{rel}","templated":true}]}}