{"id":285,"date":"2025-04-07T21:27:14","date_gmt":"2025-04-07T19:27:14","guid":{"rendered":"https:\/\/alojanatur.com\/?page_id=285"},"modified":"2025-04-07T21:59:10","modified_gmt":"2025-04-07T19:59:10","slug":"formulario-ses-hospedajes","status":"publish","type":"page","link":"https:\/\/alojanatur.com\/index.php\/formulario-ses-hospedajes\/","title":{"rendered":"Formulario SES Hospedajes"},"content":{"rendered":"\n<p>Es obligatorio cumplimentar los datos de los viajeros alojados en todos los establecimientos tur\u00edsticos, seg\u00fan el <a href=\"https:\/\/www.boe.es\/buscar\/doc.php?id=BOE-A-2021-17461\" target=\"_blank\" rel=\"noreferrer noopener\">Real Decreto 933\/2021, de 26 de octubre, por el que se establecen las obligaciones de registro documental e informaci\u00f3n de las personas f\u00edsicas o jur\u00eddicas que ejercen actividades de hospedaje y alquiler de veh\u00edculos a motor<\/a>.<br>Hacerlo aqu\u00ed, previamente a tu llegada, ahorrar\u00e1 tiempo y complicaciones, de manera que al hacer el checking solo ser\u00e1 necesario escanear tu documento de identidad y el proceso de recopilaci\u00f3n de datos estar\u00e1 ya resuelto.<br>Recuerda que es necesario cumplimentar el formulario tantas veces como personas se alojen. (Un formulario por persona)<br>Sentimos las molestias que este tramite pueda causarte, pero es necesario para cumplir con la ley.<\/p>\n\n\n\n<h4 class=\"wp-block-heading\"><mark style=\"background-color:rgba(0, 0, 0, 0)\" class=\"has-inline-color has-ast-global-color-7-color\">Formulario de registro de datos:<\/mark><\/h4>\n\n\n<div class=\"wpforms-container wpforms-container-full wpforms-block wpforms-block-ae14bbc5-6906-4b21-a0b4-945a7bff72d2 wpforms-render-modern\" id=\"wpforms-326\"><form id=\"wpforms-form-326\" class=\"wpforms-validate wpforms-form wpforms-ajax-form\" data-formid=\"326\" method=\"post\" enctype=\"multipart\/form-data\" action=\"\/index.php\/wp-json\/wp\/v2\/pages\/285\" data-token=\"1470e516f8f461703fed171e83bbdf72\" data-token-time=\"1779015907\"><noscript class=\"wpforms-error-noscript\">Por favor, activa JavaScript en tu navegador para completar este formulario.<\/noscript><div id=\"wpforms-error-noscript\" style=\"display: none;\">Por favor, activa JavaScript en tu navegador para completar este formulario.<\/div><div class=\"wpforms-field-container\">\t\t<div id=\"wpforms-326-field_2-container\"\n\t\t\tclass=\"wpforms-field wpforms-field-text\"\n\t\t\tdata-field-type=\"text\"\n\t\t\tdata-field-id=\"2\"\n\t\t\t>\n\t\t\t<label class=\"wpforms-field-label\" for=\"wpforms-326-field_2\" >Documento de Tel\u00e9fono<\/label>\n\t\t\t<input type=\"text\" id=\"wpforms-326-field_2\" class=\"wpforms-field-medium\" name=\"wpforms[fields][2]\" >\n\t\t<\/div>\n\t\t<div id=\"wpforms-326-field_9-container\" class=\"wpforms-field wpforms-field-text\" data-field-id=\"9\"><label class=\"wpforms-field-label\" for=\"wpforms-326-field_9\">Identificador de la reserva <span class=\"wpforms-required-label\" aria-hidden=\"true\">*<\/span><\/label><input type=\"text\" id=\"wpforms-326-field_9\" class=\"wpforms-field-medium wpforms-field-required\" name=\"wpforms[fields][9]\" aria-errormessage=\"wpforms-326-field_9-error\" aria-describedby=\"wpforms-326-field_9-description\" required><div id=\"wpforms-326-field_9-description\" class=\"wpforms-field-description\">Identificador de Booking, Airbnb o el suministrado por AlojaNatur<\/div><\/div><div id=\"wpforms-326-field_1-container\" class=\"wpforms-field wpforms-field-name\" data-field-id=\"1\"><fieldset><legend class=\"wpforms-field-label\">Nombre <span class=\"wpforms-required-label\" aria-hidden=\"true\">*<\/span><\/legend><div class=\"wpforms-field-row wpforms-field-medium\"><div class=\"wpforms-field-row-block wpforms-first wpforms-one-half\"><input type=\"text\" id=\"wpforms-326-field_1\" class=\"wpforms-field-name-first wpforms-field-required\" name=\"wpforms[fields][1][first]\" aria-errormessage=\"wpforms-326-field_1-error\" required><label for=\"wpforms-326-field_1\" class=\"wpforms-field-sublabel after\">Nombre<\/label><\/div><div class=\"wpforms-field-row-block wpforms-one-half\"><input type=\"text\" id=\"wpforms-326-field_1-last\" class=\"wpforms-field-name-last wpforms-field-required\" name=\"wpforms[fields][1][last]\" aria-errormessage=\"wpforms-326-field_1-last-error\" required><label for=\"wpforms-326-field_1-last\" class=\"wpforms-field-sublabel after\">Apellidos<\/label><\/div><\/div><\/fieldset><\/div><div id=\"wpforms-326-field_12-container\" class=\"wpforms-field wpforms-field-text\" data-field-id=\"12\"><label class=\"wpforms-field-label\" for=\"wpforms-326-field_12\">Documento de Identificaci\u00f3n <span class=\"wpforms-required-label\" aria-hidden=\"true\">*<\/span><\/label><input type=\"text\" id=\"wpforms-326-field_12\" class=\"wpforms-field-medium wpforms-field-required\" name=\"wpforms[fields][12]\" placeholder=\"Ej: 12345678A\" aria-errormessage=\"wpforms-326-field_12-error\" aria-describedby=\"wpforms-326-field_12-description\" required><div id=\"wpforms-326-field_12-description\" class=\"wpforms-field-description\">DNI, Tarjeta de residencia, Pasaporte, etc. En caso de menores sin documento de identidad, cumplimentar con 4 ceros<\/div><\/div><div id=\"wpforms-326-field_14-container\" class=\"wpforms-field wpforms-field-text\" data-field-id=\"14\"><label class=\"wpforms-field-label\" for=\"wpforms-326-field_14\">N\u00famero de soporte del DNI <span class=\"wpforms-required-label\" aria-hidden=\"true\">*<\/span><\/label><input type=\"text\" id=\"wpforms-326-field_14\" class=\"wpforms-field-small wpforms-field-required wpforms-limit-characters-enabled\" data-form-id=\"326\" data-field-id=\"14\" data-text-limit=\"9\" name=\"wpforms[fields][14]\" placeholder=\"Ej: XXX123456\" aria-errormessage=\"wpforms-326-field_14-error\" aria-describedby=\"wpforms-326-field_14-description\" maxlength=\"9\" required><div id=\"wpforms-326-field_14-description\" class=\"wpforms-field-description\">N\u00famero de soporte de DNI. en otros casos, poner varios ceros.<\/div><\/div><div id=\"wpforms-326-field_16-container\" class=\"wpforms-field wpforms-field-text\" data-field-id=\"16\"><label class=\"wpforms-field-label\" for=\"wpforms-326-field_16\">Fecha de caducidad Documento de Identidad <span class=\"wpforms-required-label\" aria-hidden=\"true\">*<\/span><\/label><input type=\"text\" id=\"wpforms-326-field_16\" class=\"wpforms-field-small wpforms-field-required wpforms-limit-characters-enabled\" data-form-id=\"326\" data-field-id=\"16\" data-text-limit=\"10\" name=\"wpforms[fields][16]\" placeholder=\"Ej: DD\/MM\/AAAA\" aria-errormessage=\"wpforms-326-field_16-error\" aria-describedby=\"wpforms-326-field_16-description\" maxlength=\"10\" required><div id=\"wpforms-326-field_16-description\" class=\"wpforms-field-description\">Consignar la fecha de caducidad del DNI, Pasaporte, Tarjeta de residencia etc. <\/div><\/div><div id=\"wpforms-326-field_11-container\" class=\"wpforms-field wpforms-field-text\" data-field-id=\"11\"><label class=\"wpforms-field-label\" for=\"wpforms-326-field_11\">Nacionalidad <span class=\"wpforms-required-label\" aria-hidden=\"true\">*<\/span><\/label><input type=\"text\" id=\"wpforms-326-field_11\" class=\"wpforms-field-medium wpforms-field-required\" name=\"wpforms[fields][11]\" aria-errormessage=\"wpforms-326-field_11-error\" aria-describedby=\"wpforms-326-field_11-description\" required><div id=\"wpforms-326-field_11-description\" class=\"wpforms-field-description\">Especificar el pa\u00eds <\/div><\/div><div id=\"wpforms-326-field_8-container\" class=\"wpforms-field wpforms-field-text\" data-field-id=\"8\"><label class=\"wpforms-field-label\" for=\"wpforms-326-field_8\">Fecha de nacimiento <span class=\"wpforms-required-label\" aria-hidden=\"true\">*<\/span><\/label><input type=\"text\" id=\"wpforms-326-field_8\" class=\"wpforms-field-small wpforms-field-required wpforms-limit-characters-enabled\" data-form-id=\"326\" data-field-id=\"8\" data-text-limit=\"10\" name=\"wpforms[fields][8]\" placeholder=\"DD\/MM\/AA\" aria-errormessage=\"wpforms-326-field_8-error\" maxlength=\"10\" required><\/div><div id=\"wpforms-326-field_10-container\" class=\"wpforms-field wpforms-field-text\" data-field-id=\"10\"><label class=\"wpforms-field-label\" for=\"wpforms-326-field_10\">En el caso de menores de 14 a\u00f1os, indicar parentesco o relaci\u00f3n<\/label><input type=\"text\" id=\"wpforms-326-field_10\" class=\"wpforms-field-large\" name=\"wpforms[fields][10]\" placeholder=\"Ej: Hijo, sobrino, hijo de amigo --- Nombre persona responsable.\" aria-errormessage=\"wpforms-326-field_10-error\" aria-describedby=\"wpforms-326-field_10-description\" ><div id=\"wpforms-326-field_10-description\" class=\"wpforms-field-description\">Indicar parentesco o relaci\u00f3n y a\u00f1adir el nombre de la persona con la que guarda dicha correspondencia.<\/div><\/div><div id=\"wpforms-326-field_4-container\" class=\"wpforms-field wpforms-field-text\" data-field-id=\"4\"><label class=\"wpforms-field-label\" for=\"wpforms-326-field_4\">Direcci\u00f3n (1) <span class=\"wpforms-required-label\" aria-hidden=\"true\">*<\/span><\/label><input type=\"text\" id=\"wpforms-326-field_4\" class=\"wpforms-field-medium wpforms-field-required\" name=\"wpforms[fields][4]\" aria-errormessage=\"wpforms-326-field_4-error\" aria-describedby=\"wpforms-326-field_4-description\" required><div id=\"wpforms-326-field_4-description\" class=\"wpforms-field-description\">Calle, n\u00famero, piso, letra. En el caso de menores de 14 a\u00f1os, consignar la direcci\u00f3n de la persona responsable.<\/div><\/div><div id=\"wpforms-326-field_5-container\" class=\"wpforms-field wpforms-field-text\" data-field-id=\"5\"><label class=\"wpforms-field-label\" for=\"wpforms-326-field_5\">Direcci\u00f3n (2) <span class=\"wpforms-required-label\" aria-hidden=\"true\">*<\/span><\/label><input type=\"text\" id=\"wpforms-326-field_5\" class=\"wpforms-field-medium wpforms-field-required\" name=\"wpforms[fields][5]\" aria-errormessage=\"wpforms-326-field_5-error\" aria-describedby=\"wpforms-326-field_5-description\" required><div id=\"wpforms-326-field_5-description\" class=\"wpforms-field-description\">Localidad, Provincia, C\u00f3digo Postal. En el caso de menores de 14 a\u00f1os, consignar la direcci\u00f3n de la persona responsable.<\/div><\/div><div id=\"wpforms-326-field_13-container\" class=\"wpforms-field wpforms-field-text\" data-field-id=\"13\"><label class=\"wpforms-field-label\" for=\"wpforms-326-field_13\">Tel\u00e9fono de contacto.<\/label><input type=\"text\" id=\"wpforms-326-field_13\" class=\"wpforms-field-medium wpforms-limit-characters-enabled\" data-form-id=\"326\" data-field-id=\"13\" data-text-limit=\"15\" name=\"wpforms[fields][13]\" placeholder=\"Ej: +34 123 456 789\" aria-errormessage=\"wpforms-326-field_13-error\" aria-describedby=\"wpforms-326-field_13-description\" maxlength=\"15\" ><div id=\"wpforms-326-field_13-description\" class=\"wpforms-field-description\">En el caso de menores de 14 a\u00f1os, consignar el de la persona responsable.<\/div><\/div><div id=\"wpforms-326-field_3-container\" class=\"wpforms-field wpforms-field-email\" data-field-id=\"3\"><label class=\"wpforms-field-label\" for=\"wpforms-326-field_3\">Correo electr\u00f3nico <span class=\"wpforms-required-label\" aria-hidden=\"true\">*<\/span><\/label><input type=\"email\" id=\"wpforms-326-field_3\" class=\"wpforms-field-medium wpforms-field-required\" name=\"wpforms[fields][3]\" placeholder=\"Ej: algo@dominio.com\" spellcheck=\"false\" aria-errormessage=\"wpforms-326-field_3-error\" aria-describedby=\"wpforms-326-field_3-description\" required><div id=\"wpforms-326-field_3-description\" class=\"wpforms-field-description\">En el caso de menores de 14 a\u00f1os, consignar el de la persona responsable.<\/div><\/div><script>\n\t\t\t\t( function() {\n\t\t\t\t\tconst style = document.createElement( 'style' );\n\t\t\t\t\tstyle.appendChild( document.createTextNode( '#wpforms-326-field_2-container { position: absolute !important; overflow: hidden !important; display: inline !important; height: 1px !important; width: 1px !important; z-index: -1000 !important; padding: 0 !important; } #wpforms-326-field_2-container input { visibility: hidden; } #wpforms-conversational-form-page #wpforms-326-field_2-container label { counter-increment: none; }' ) );\n\t\t\t\t\tdocument.head.appendChild( style );\n\t\t\t\t\tdocument.currentScript?.remove();\n\t\t\t\t} )();\n\t\t\t<\/script><\/div><!-- .wpforms-field-container --><div class=\"wpforms-recaptcha-container wpforms-is-turnstile\" ><div class=\"wpforms-turnstile\" data-sitekey=\"0x4AAAAAABFypeN-N9J3afF9\" data-action=\"FormID-326\"><\/div><input type=\"text\" name=\"g-recaptcha-hidden\" class=\"wpforms-recaptcha-hidden\" style=\"position:absolute!important;clip:rect(0,0,0,0)!important;height:1px!important;width:1px!important;border:0!important;overflow:hidden!important;padding:0!important;margin:0!important;\" data-rule-turnstile=\"1\"><\/div><div class=\"wpforms-submit-container\" ><input type=\"hidden\" name=\"wpforms[id]\" value=\"326\"><input type=\"hidden\" name=\"page_title\" value=\"\"><input type=\"hidden\" name=\"page_url\" value=\"https:\/\/alojanatur.com\/index.php\/wp-json\/wp\/v2\/pages\/285\"><input type=\"hidden\" name=\"url_referer\" value=\"\"><button type=\"submit\" name=\"wpforms[submit]\" id=\"wpforms-submit-326\" class=\"wpforms-submit\" data-alt-text=\"Enviando...\" data-submit-text=\"Enviar\" aria-live=\"assertive\" value=\"wpforms-submit\">Enviar<\/button><img loading=\"lazy\" decoding=\"async\" src=\"https:\/\/alojanatur.com\/wp-content\/plugins\/wpforms-lite\/assets\/images\/submit-spin.svg\" class=\"wpforms-submit-spinner\" style=\"display: none;\" width=\"26\" height=\"26\" alt=\"Cargando\"><\/div><\/form><\/div>  <!-- .wpforms-container -->\n\n\n<p><\/p>\n","protected":false},"excerpt":{"rendered":"<p>Es obligatorio cumplimentar los datos de los viajeros alojados en todos los establecimientos tur\u00edsticos, seg\u00fan el Real Decreto 933\/2021, de [&hellip;]<\/p>\n","protected":false},"author":1,"featured_media":0,"parent":0,"menu_order":0,"comment_status":"closed","ping_status":"closed","template":"","meta":{"site-sidebar-layout":"default","site-content-layout":"","ast-site-content-layout":"","site-content-style":"default","site-sidebar-style":"default","ast-global-header-display":"","ast-banner-title-visibility":"","ast-main-header-display":"","ast-hfb-above-header-display":"","ast-hfb-below-header-display":"","ast-hfb-mobile-header-display":"","site-post-title":"","ast-breadcrumbs-content":"","ast-featured-img":"","footer-sml-layout":"","theme-transparent-header-meta":"","adv-header-id-meta":"","stick-header-meta":"","header-above-stick-meta":"","header-main-stick-meta":"","header-below-stick-meta":"","astra-migrate-meta-layouts":"default","ast-page-background-enabled":"default","ast-page-background-meta":{"desktop":{"background-color":"var(--ast-global-color-5)","background-image":"","background-repeat":"repeat","background-position":"center center","background-size":"auto","background-attachment":"scroll","background-type":"","background-media":"","overlay-type":"","overlay-color":"","overlay-opacity":"","overlay-gradient":""},"tablet":{"background-color":"","background-image":"","background-repeat":"repeat","background-position":"center center","background-size":"auto","background-attachment":"scroll","background-type":"","background-media":"","overlay-type":"","overlay-color":"","overlay-opacity":"","overlay-gradient":""},"mobile":{"background-color":"","background-image":"","background-repeat":"repeat","background-position":"center center","background-size":"auto","background-attachment":"scroll","background-type":"","background-media":"","overlay-type":"","overlay-color":"","overlay-opacity":"","overlay-gradient":""}},"ast-content-background-meta":{"desktop":{"background-color":"var(--ast-global-color-4)","background-image":"","background-repeat":"repeat","background-position":"center center","background-size":"auto","background-attachment":"scroll","background-type":"","background-media":"","overlay-type":"","overlay-color":"","overlay-opacity":"","overlay-gradient":""},"tablet":{"background-color":"var(--ast-global-color-4)","background-image":"","background-repeat":"repeat","background-position":"center center","background-size":"auto","background-attachment":"scroll","background-type":"","background-media":"","overlay-type":"","overlay-color":"","overlay-opacity":"","overlay-gradient":""},"mobile":{"background-color":"var(--ast-global-color-4)","background-image":"","background-repeat":"repeat","background-position":"center center","background-size":"auto","background-attachment":"scroll","background-type":"","background-media":"","overlay-type":"","overlay-color":"","overlay-opacity":"","overlay-gradient":""}},"footnotes":""},"class_list":["post-285","page","type-page","status-publish","hentry"],"yoast_head":"<!-- This site is optimized with the Yoast SEO plugin v27.6 - https:\/\/yoast.com\/product\/yoast-seo-wordpress\/ -->\n<title>Formulario SES Hospedajes - alojanatur<\/title>\n<meta name=\"description\" content=\"Formulario de registro de viajeros para el cumplimiento de la legislaci\u00f3n en materia de alojamientos tur\u00edsticos.\" \/>\n<meta name=\"robots\" content=\"index, follow, max-snippet:-1, max-image-preview:large, max-video-preview:-1\" \/>\n<link rel=\"canonical\" href=\"https:\/\/alojanatur.com\/index.php\/formulario-ses-hospedajes\/\" \/>\n<meta property=\"og:locale\" content=\"es_ES\" \/>\n<meta property=\"og:type\" content=\"article\" \/>\n<meta property=\"og:title\" content=\"Formulario SES Hospedajes - alojanatur\" \/>\n<meta property=\"og:description\" content=\"Formulario de registro de viajeros para el cumplimiento de la legislaci\u00f3n en materia de alojamientos tur\u00edsticos.\" \/>\n<meta property=\"og:url\" content=\"https:\/\/alojanatur.com\/index.php\/formulario-ses-hospedajes\/\" \/>\n<meta property=\"og:site_name\" content=\"alojanatur\" \/>\n<meta property=\"article:modified_time\" content=\"2025-04-07T19:59:10+00:00\" \/>\n<meta name=\"twitter:card\" content=\"summary_large_image\" \/>\n<meta name=\"twitter:label1\" content=\"Tiempo de lectura\" \/>\n\t<meta name=\"twitter:data1\" content=\"1 minuto\" \/>\n<script type=\"application\/ld+json\" class=\"yoast-schema-graph\">{\"@context\":\"https:\\\/\\\/schema.org\",\"@graph\":[{\"@type\":\"WebPage\",\"@id\":\"https:\\\/\\\/alojanatur.com\\\/index.php\\\/formulario-ses-hospedajes\\\/\",\"url\":\"https:\\\/\\\/alojanatur.com\\\/index.php\\\/formulario-ses-hospedajes\\\/\",\"name\":\"Formulario SES Hospedajes - alojanatur\",\"isPartOf\":{\"@id\":\"https:\\\/\\\/alojanatur.com\\\/#website\"},\"datePublished\":\"2025-04-07T19:27:14+00:00\",\"dateModified\":\"2025-04-07T19:59:10+00:00\",\"description\":\"Formulario de registro de viajeros para el cumplimiento de la legislaci\u00f3n en materia de alojamientos tur\u00edsticos.\",\"breadcrumb\":{\"@id\":\"https:\\\/\\\/alojanatur.com\\\/index.php\\\/formulario-ses-hospedajes\\\/#breadcrumb\"},\"inLanguage\":\"es\",\"potentialAction\":[{\"@type\":\"ReadAction\",\"target\":[\"https:\\\/\\\/alojanatur.com\\\/index.php\\\/formulario-ses-hospedajes\\\/\"]}]},{\"@type\":\"BreadcrumbList\",\"@id\":\"https:\\\/\\\/alojanatur.com\\\/index.php\\\/formulario-ses-hospedajes\\\/#breadcrumb\",\"itemListElement\":[{\"@type\":\"ListItem\",\"position\":1,\"name\":\"Portada\",\"item\":\"https:\\\/\\\/alojanatur.com\\\/\"},{\"@type\":\"ListItem\",\"position\":2,\"name\":\"Formulario SES Hospedajes\"}]},{\"@type\":\"WebSite\",\"@id\":\"https:\\\/\\\/alojanatur.com\\\/#website\",\"url\":\"https:\\\/\\\/alojanatur.com\\\/\",\"name\":\"alojanatur\",\"description\":\"Alojamientos Tur\u00edsticos\",\"publisher\":{\"@id\":\"https:\\\/\\\/alojanatur.com\\\/#organization\"},\"potentialAction\":[{\"@type\":\"SearchAction\",\"target\":{\"@type\":\"EntryPoint\",\"urlTemplate\":\"https:\\\/\\\/alojanatur.com\\\/?s={search_term_string}\"},\"query-input\":{\"@type\":\"PropertyValueSpecification\",\"valueRequired\":true,\"valueName\":\"search_term_string\"}}],\"inLanguage\":\"es\"},{\"@type\":\"Organization\",\"@id\":\"https:\\\/\\\/alojanatur.com\\\/#organization\",\"name\":\"alojanatur\",\"url\":\"https:\\\/\\\/alojanatur.com\\\/\",\"logo\":{\"@type\":\"ImageObject\",\"inLanguage\":\"es\",\"@id\":\"https:\\\/\\\/alojanatur.com\\\/#\\\/schema\\\/logo\\\/image\\\/\",\"url\":\"https:\\\/\\\/alojanatur.com\\\/wp-content\\\/uploads\\\/2025\\\/04\\\/cropped-Logotipo_4-removebg-preview.png\",\"contentUrl\":\"https:\\\/\\\/alojanatur.com\\\/wp-content\\\/uploads\\\/2025\\\/04\\\/cropped-Logotipo_4-removebg-preview.png\",\"width\":178,\"height\":71,\"caption\":\"alojanatur\"},\"image\":{\"@id\":\"https:\\\/\\\/alojanatur.com\\\/#\\\/schema\\\/logo\\\/image\\\/\"}}]}<\/script>\n<!-- \/ Yoast SEO plugin. -->","yoast_head_json":{"title":"Formulario SES Hospedajes - alojanatur","description":"Formulario de registro de viajeros para el cumplimiento de la legislaci\u00f3n en materia de alojamientos tur\u00edsticos.","robots":{"index":"index","follow":"follow","max-snippet":"max-snippet:-1","max-image-preview":"max-image-preview:large","max-video-preview":"max-video-preview:-1"},"canonical":"https:\/\/alojanatur.com\/index.php\/formulario-ses-hospedajes\/","og_locale":"es_ES","og_type":"article","og_title":"Formulario SES Hospedajes - alojanatur","og_description":"Formulario de registro de viajeros para el cumplimiento de la legislaci\u00f3n en materia de alojamientos tur\u00edsticos.","og_url":"https:\/\/alojanatur.com\/index.php\/formulario-ses-hospedajes\/","og_site_name":"alojanatur","article_modified_time":"2025-04-07T19:59:10+00:00","twitter_card":"summary_large_image","twitter_misc":{"Tiempo de lectura":"1 minuto"},"schema":{"@context":"https:\/\/schema.org","@graph":[{"@type":"WebPage","@id":"https:\/\/alojanatur.com\/index.php\/formulario-ses-hospedajes\/","url":"https:\/\/alojanatur.com\/index.php\/formulario-ses-hospedajes\/","name":"Formulario SES Hospedajes - alojanatur","isPartOf":{"@id":"https:\/\/alojanatur.com\/#website"},"datePublished":"2025-04-07T19:27:14+00:00","dateModified":"2025-04-07T19:59:10+00:00","description":"Formulario de registro de viajeros para el cumplimiento de la legislaci\u00f3n en materia de alojamientos tur\u00edsticos.","breadcrumb":{"@id":"https:\/\/alojanatur.com\/index.php\/formulario-ses-hospedajes\/#breadcrumb"},"inLanguage":"es","potentialAction":[{"@type":"ReadAction","target":["https:\/\/alojanatur.com\/index.php\/formulario-ses-hospedajes\/"]}]},{"@type":"BreadcrumbList","@id":"https:\/\/alojanatur.com\/index.php\/formulario-ses-hospedajes\/#breadcrumb","itemListElement":[{"@type":"ListItem","position":1,"name":"Portada","item":"https:\/\/alojanatur.com\/"},{"@type":"ListItem","position":2,"name":"Formulario SES Hospedajes"}]},{"@type":"WebSite","@id":"https:\/\/alojanatur.com\/#website","url":"https:\/\/alojanatur.com\/","name":"alojanatur","description":"Alojamientos Tur\u00edsticos","publisher":{"@id":"https:\/\/alojanatur.com\/#organization"},"potentialAction":[{"@type":"SearchAction","target":{"@type":"EntryPoint","urlTemplate":"https:\/\/alojanatur.com\/?s={search_term_string}"},"query-input":{"@type":"PropertyValueSpecification","valueRequired":true,"valueName":"search_term_string"}}],"inLanguage":"es"},{"@type":"Organization","@id":"https:\/\/alojanatur.com\/#organization","name":"alojanatur","url":"https:\/\/alojanatur.com\/","logo":{"@type":"ImageObject","inLanguage":"es","@id":"https:\/\/alojanatur.com\/#\/schema\/logo\/image\/","url":"https:\/\/alojanatur.com\/wp-content\/uploads\/2025\/04\/cropped-Logotipo_4-removebg-preview.png","contentUrl":"https:\/\/alojanatur.com\/wp-content\/uploads\/2025\/04\/cropped-Logotipo_4-removebg-preview.png","width":178,"height":71,"caption":"alojanatur"},"image":{"@id":"https:\/\/alojanatur.com\/#\/schema\/logo\/image\/"}}]}},"_links":{"self":[{"href":"https:\/\/alojanatur.com\/index.php\/wp-json\/wp\/v2\/pages\/285","targetHints":{"allow":["GET"]}}],"collection":[{"href":"https:\/\/alojanatur.com\/index.php\/wp-json\/wp\/v2\/pages"}],"about":[{"href":"https:\/\/alojanatur.com\/index.php\/wp-json\/wp\/v2\/types\/page"}],"author":[{"embeddable":true,"href":"https:\/\/alojanatur.com\/index.php\/wp-json\/wp\/v2\/users\/1"}],"replies":[{"embeddable":true,"href":"https:\/\/alojanatur.com\/index.php\/wp-json\/wp\/v2\/comments?post=285"}],"version-history":[{"count":7,"href":"https:\/\/alojanatur.com\/index.php\/wp-json\/wp\/v2\/pages\/285\/revisions"}],"predecessor-version":[{"id":349,"href":"https:\/\/alojanatur.com\/index.php\/wp-json\/wp\/v2\/pages\/285\/revisions\/349"}],"wp:attachment":[{"href":"https:\/\/alojanatur.com\/index.php\/wp-json\/wp\/v2\/media?parent=285"}],"curies":[{"name":"wp","href":"https:\/\/api.w.org\/{rel}","templated":true}]}}